 List the prime factors of w.
5
Suppose -4*z = -5*i + 170, 4*i - 212 - 5 = 5*z. Let l = z + 112. List the prime factors of l.
67
Let t = -1050 + 1477. List the prime factors of t.
7, 61
Suppose 3*b = 6*b - 1188. List the prime factors of b.
2, 3, 11
Let x = 11 - 11. Suppose 0 = -x*b - b + 149. What are the prime factors of b?
149
Let d = 45 - -82. List the prime factors of d.
127
What are the prime factors of (-1)/(-5) - (-30327)/165?
2, 23
Suppose 560*v - 2400 = 544*v. List the prime factors of v.
2, 3, 5
Suppose -2*f + 14*a = 10*a - 4668, -5*a + 2313 = f. List the prime factors of f.
2, 3, 97
Suppose -5*u = -0*p - 5*p - 1405, -566 = -2*u + p. Suppose 5*m = -2*q + 115, -2*m = -4*q - m + u. What are the prime factors of q?
2, 5, 7
Let r be (8/(-10))/((-4)/10). Let y(w) = -1 - 2 - w**r + 0*w**2 + w + 7*w. What are the prime factors of y(6)?
3
Suppose -5*a + 3*c + 6107 = 0, -3*a + 1809 + 1864 = -4*c. List the prime factors of a.
23, 53
List the prime factors of ((16/(-6))/4)/(3/(-486)).
2, 3
Let q(b) be the third derivative of b**2 - 1/6*b**3 - 1/120*b**6 - 1/6*b**4 + 0 - 3/10*b**5 + 0*b. List the prime factors of q(-18).
71
Let x be (-6)/(-2 + 5)*4. Let a be (-6)/33 - x/44. Suppose 0 = -a*h + 5*h - 225. List the prime factors of h.
3, 5
Let p = -4 + 2. Let x be p/(-4) - (-35)/10. Suppose 4*u - 2 - 34 = x*z, 2*u = 3*z + 14. List the prime factors of u.
13
Let n be (-19 + 3)*-8*1. Let m = -69 + n. List the prime factors of m.
59
Suppose 0*h + 10 = -5*h. Let s(d) = -5*d - 5. Let k be s(h). Suppose 5*f - 3*i - 112 = k, 4*i = -3*f + 47. List the prime factors of f.
3, 7
Let j be (-20)/50*(0 + -115). Suppose -59 = -3*h + j. Let s = h + 16. What are the prime factors of s?
3, 17
Let z(c) = -c**2 + 34*c - 62. List the prime factors of z(27).
127
Let p = -819 - -3415. What are the prime factors of p?
2, 11, 59
Suppose 26*l + z - 5605 = 21*l, z = -4*l + 4485. What are the prime factors of l?
2, 5, 7
What are the prime factors of 12/42 + 64522/14?
11, 419
Let n = 5337 - 2061. What are the prime factors of n?
2, 3, 7, 13
What are the prime factors of (-8666)/(-8) + 21/(-84)?
3, 19
Let x(g) = -4*g - 35. Let w be x(-9). List the prime factors of 12/50*15*(w - -19).
2, 3
Let c(b) = 42*b**2 - 36*b + 122. List the prime factors of c(4).
2, 5, 13
Let d = -147 - 48. Let y = d - -307. List the prime factors of y.
2, 7
Suppose 6 = -x - 6. What are the prime factors of (-1317)/x - 4/(-16)?
2, 5, 11
What are the prime factors of -166*(-36)/(-1 - -7)?
2, 3, 83
Let c = -113 + 71. Let a = 94 + c. What are the prime factors of a?
2, 13
Suppose 851 = 8*y - 2357. List the prime factors of y.
401
Suppose -3*k + 3 = 12. List the prime factors of (9/6)/((-7932)/2648 - k).
331
Suppose -i + 3763 = -4*a + 1221, 3*i - 7590 = 3*a. What are the prime factors of i?
2, 3, 421
Let v(m) = -m**3 + 10*m**2 + 12*m + 5. Let o be v(11). Let z be 0*2*(-4)/o. Suppose t + z*t = 30. What are the prime factors of t?
2, 3, 5
Suppose -8*h + 84 = -h. Suppose t = 3*t - 2*z + h, -5*t - 4*z = 75. Let g = 34 - t. List the prime factors of g.
3, 5
Let y(o) = 16*o**2 - 5*o + 2. Let a = 150 + -147. What are the prime factors of y(a)?
131
Let y = 1678 - 687. What are the prime factors of y?
991
Let x(v) = 3*v**3 - v**2 + 3*v - 7. Let m be x(4). Let q = -99 + m. What are the prime factors of q?
2, 41
Let l = 1521 + -824. What are the prime factors of l?
17, 41
Let w(c) = 9*c**3 + 3*c**2 + 4*c - 4. Let b be -1 + 3/(-9) - 39/(-9). List the prime factors of w(b).
2, 139
Let h be 61/3 - (-7)/(-21). Let p = 33 - h. What are the prime factors of p - (0/4 + 0)?
13
Let z(m) = -m**2 - 8*m. Let a be z(-8). Suppose -2*i = -a*i - 14. Let h(l) = -l**3 + 7*l**2 + 4*l + 10. List the prime factors of h(i).
2, 19
Let x = 41 + 0. Suppose 23*p + 232 = 15*p. Let r = p + x. List the prime factors of r.
2, 3
List the prime factors of (-3)/((-45)/(-2)) - (-7052)/15.
2, 5, 47
Let v be (-256)/(-10) + (-6)/(-15). Let k be v/6 - (-8)/12. Suppose k*m + 6 - 16 = 0. What are the prime factors of m?
2
Let v(x) = x**3 + 17*x**2 - 17*x - 21. Suppose -s = 10 + 7. What are the prime factors of v(s)?
2, 67
Suppose -4*x - t = -3*x - 1, 5*x - 3*t = -35. What are the prime factors of x/((-16)/796)*(-2)/(-2)?
199
Let s be (2136/14)/(4/70). List the prime factors of s/35 - (-4)/(-14).
2, 19
Let s(a) = -a**3 - 4*a**2 - 2*a - 5. Let m be s(-4). Suppose -r = f - m*f + 8, r + 3*f - 17 = 0. Suppose 0 = r*y - 12 - 16. What are the prime factors of y?
2, 7
Let v(u) = 134*u + 1204. List the prime factors of v(-5).
2, 3, 89
Let d(s) = s**3 - 13*s**2 + 12*s + 4. Let t be d(12). Suppose -t*u + 0*u = -252. List the prime factors of u.
3, 7
Let x be 3/(-9) + (-1322)/(-6). Suppose -3*g - 61 = -x. What are the prime factors of g?
53
Suppose -50*o = -16*o - 15266. List the prime factors of o.
449
Suppose -2*v = 2*v + 252. Let o be 1209/(-11) + (-15)/165. Let i = v - o. List the prime factors of i.
47
Suppose -7398 = -13*b + 6369. What are the prime factors of b?
3, 353
Let l(x) = x**3 - 7*x**2 - 23*x - 13. List the prime factors of l(15).
2, 7, 103
Let k = -8 - -12. Suppose 0 = k*o + 12, -2*a - 4 = -0*o + 2*o. What are the prime factors of (1/2)/(a/24)?
2, 3
Suppose -2*l = -2*q + 2194 + 2992, 3*q = 2*l + 7781. What are the prime factors of q?
3, 5, 173
Suppose 2*l = 12 - 4, -4*a - 4*l + 412 = 0. Suppose -5*r + 123 = 3*d, -d - 3*r = -4*d + a. What are the prime factors of d?
2, 3
Suppose k - 1 = 0, -5*k - 8 + 5 = -4*s. Let f(i) = 44*i**2 - 2*i + 12. List the prime factors of f(s).
2, 23
Let n be ((-1426)/276)/((-2)/12). List the prime factors of (-21 + 4 + 1)*n/(-2).
2, 31
Let i = 10 + -7. Let w(d) = 2*d**2 - 7*d + 11. Let o be w(i). Suppose 9*q - o*q = 37. What are the prime factors of q?
37
Let c = 6450 + -3253. List the prime factors of c.
23, 139
Let c(u) = -u**2 + 8*u + 23. Let j be c(8). Let t = 25 - j. What are the prime factors of t?
2
Suppose -6*n = -1489 - 557. Let c = -217 + n. List the prime factors of c.
2, 31
Suppose 0 = 2*m - 0*h - 2*h - 4, -3*h + 18 = 3*m. Suppose m*t - 154 = 5*q, 0 = -4*q + 9 - 1. List the prime factors of t.
41
Let w(p) be the first derivative of p**4/4 + 3*p**3 + p**2/2 - 12*p - 10. Let t be w(-9). What are the prime factors of (-14)/(-6) - (-7)/t?
2
List the prime factors of ((-15)/(-15))/((-2)/(-3818)).
23, 83
Let b(n) = 71*n**3 + 12*n**2 - 8*n + 7. List the prime factors of b(3).
2, 251
Let c be (0*(-1)/(-5))/(-1). Suppose c = -3*m - 2*k + 291 - 55, k = 1. What are the prime factors of m?
2, 3, 13
Suppose -5*g + 7259 = u, 36 = -3*u + 33. List the prime factors of g.
2, 3, 11
Suppose 2*f + 0*f = 16. Suppose 160 = 2*y - f. Suppose 3*h = -4*c + y, 3*h - 53 - 7 = 4*c. What are the prime factors of h?
2, 3
Let q be ((-16)/2)/((1 + -2)*2). Suppose 344 + 336 = q*k. What are the prime factors of k?
2, 5, 17
Suppose -4609 = -3*r + 5*i, 3*r = 18*i - 22*i + 4564. List the prime factors of r.
2, 191
Let x = 21 + -19. Suppose -j + x = -4. List the prime factors of (-385)/(-10) - 3/j.
2, 19
Let x = 132 + -150. List the prime factors of (-21437)/(-78) + (-3)/x.
5, 11
Let n(d) = d**2 - 7*d + 2. Let c be n(7). Suppose 2*w = 5*g - 118, -c*w - 15 - 79 = -4*g. Suppose -b + 0*b + g = 0. What are the prime factors of b?
2, 3
Let f(r) = 7*r**2 + 9*r - 10. What are the prime factors of f(-10)?
2, 3, 5
Suppose 2*r = 3*f + 7475, 7*f - 1485 = -5*r + 17246. What are the prime factors of r?
2, 1871
Let m(b) = 13*b**2 - b + 1. Let r be m(-1). Suppose k = -5*i + 23, -i = k - 6*k - r. Suppose 0 = -i*n + 55 + 170. What are the prime factors of n?
3, 5
Let v(z) = -2*z**3 - 7*z**2 + 7*z - 4. Let k be v(5). What are the prime factors of 2/(-6) - (k/3 + -2)?
7, 19
Let s = 35 + -85. Let m = s - -156. What are the prime factors of m?
2, 53
Let k be (-9)/45 + (-1 - (-1106)/5). Suppose -12*m + m = -k. List the prime factors of m.
2, 5
Let a be -2 + -4 + 1 + 1. List the prime factors of (72 - 4) + (a - (-1 - 1)).
2, 3, 11
Let p(c) = 6*c**2 + 20*c - 1. Let y be p(-7). Let j = -65 + y. What are the prime factors of j?
2, 11
Suppose 3*q + 12 = 4*o, -q - 2*o = -6*q - 6. Suppose b - 8 - 53 = q. What are the prime factors of b?
61
Suppose 0 = -4*a + 4*g + 7 + 1, 3*a - 12 = g. Suppose -a*c - 16 = -76. Suppose c*l = 10*l + 52. What are the prime factors of l?
2, 13
Supp